the hundred thousands digit of 434588?
4
What is the units digit of 944559?
9
What is the ten thousands digit of 33084081?
8
What is the units digit of 25482047?
7
What is the hundred thousands digit of 9017231?
0
What is the units digit of 2083228?
8
What is the units digit of 357441?
1
What is the ten thousands digit of 5120009?
2
What is the ten thousands digit of 2513141?
1
What is the hundred thousands digit of 15130767?
1
What is the thousands digit of 3226184?
6
What is the millions digit of 10125419?
0
What is the tens digit of 5732232?
3
What is the ten thousands digit of 12356275?
5
What is the ten thousands digit of 5243198?
4
What is the hundred thousands digit of 808346?
8
What is the units digit of 19509534?
4
What is the hundreds digit of 785455?
4
What is the units digit of 13553898?
8
What is the tens digit of 1277480?
8
What is the hundred thousands digit of 9852298?
8
What is the hundred thousands digit of 1709007?
7
What is the units digit of 1598374?
4
What is the hundred thousands digit of 2281170?
2
What is the ten thousands digit of 5692246?
9
What is the hundred thousands digit of 2803497?
8
What is the hundred thousands digit of 27767319?
7
What is the units digit of 161083?
3
What is the hundred thousands digit of 3029592?
0
What is the ten thousands digit of 198536?
9
What is the units digit of 411403?
3
What is the hundred thousands digit of 31184837?
1
What is the units digit of 782928?
8
What is the thousands digit of 195895?
5
What is the millions digit of 1767452?
1
What is the hundreds digit of 208929?
9
What is the units digit of 437782?
2
What is the hundred thousands digit of 862417?
8
What is the millions digit of 6777169?
6
What is the units digit of 13765699?
9
What is the tens digit of 143162?
6
What is the thousands digit of 483218?
3
What is the thousands digit of 1142119?
2
What is the ten thousands digit of 1136694?
3
What is the ten thousands digit of 258725?
5
What is the units digit of 250285?
5
What is the hundreds digit of 30244446?
4
What is the thousands digit of 2399369?
9
What is the thousands digit of 3306064?
6
What is the ten thousands digit of 75321?
7
What is the ten thousands digit of 55489?
5
What is the hundreds digit of 63915?
9
What is the units digit of 337892?
2
What is the thousands digit of 771810?
1
What is the thousands digit of 800232?
0
What is the ten thousands digit of 149133?
4
What is the units digit of 353902?
2
What is the tens digit of 172142?
4
What is the ten thousands digit of 469426?
6
What is the units digit of 818871?
1
What is the millions digit of 3026773?
3
What is the ten thousands digit of 374482?
7
What is the thousands digit of 15621787?
1
What is the hundreds digit of 2561250?
2
What is the hundreds digit of 350133?
1
What is the ten thousands digit of 1024769?
2
What is the hundreds digit of 1726932?
9
What is the hundred thousands digit of 14588387?
5
What is the thousands digit of 435346?
5
What is the millions digit of 7071810?
7
What is the tens digit of 8689556?
5
What is the units digit of 9814268?
8
What is the units digit of 18684?
4
What is the millions digit of 1754123?
1
What is the ten thousands digit of 174328?
7
What is the hundreds digit of 461890?
8
What is the units digit of 1408229?
9
What is the hundred thousands digit of 7754802?
7
What is the ten millions digit of 17556747?
1
What is the hundred thousands digit of 655786?
6
What is the millions digit of 2566111?
2
What is the hundreds digit of 597765?
7
What is the units digit of 17926466?
6
What is the hundreds digit of 734228?
2
What is the thousands digit of 1071957?
1
What is the thousands digit of 759709?
9
What is the thousands digit of 3116808?
6
What is the tens digit of 3713?
1
What is the units digit of 1029989?
9
What is the thousands digit of 212071?
2
What is the thousands digit of 3716891?
6
What is the tens digit of 176016?
1
What is the hundred thousands digit of 656992?
6
What is the hundreds digit of 1851455?
4
What is the thousands digit of 395976?
5
What is the hundred thousands digit of 7668807?
6
What is the ten thousands digit of 19140343?
4
What is the millions digit of 2777944?
2
What is the ten thousands digit of 230064?
3
What is the hundred thousands digit of 15766004?
7
What is the hundreds digit of 237054?
0
What is the ten thousands digit of 1463470?
6
What is the thousands digit of 535591?
5
What is the units digit of 2199205?
5
What is the hundreds digit of 2581344?
3
What is the units digit of 242591?
1
What is the ten thousands digit of 903648?
0
What is the hundreds digit of 748716?
7
What is the hundreds digit of 36371?
3
What is the hundred thousands digit of 3366833?
3
What is the hundred thousands digit of 395812?
3
What is the tens digit of 549448?
4
What is the thousands digit of 73368?
3
What is the ten thousands digit of 1627913?
2
What is the tens digit of 97904?
0
What is the thousands digit of 4705694?
5
What is the hundred thousands digit of 3890594?
8
What is the millions digit of 5112557?
5
What is the thousands digit of 111462?
1
What is the units digit of 1536673?
3
What is the tens digit of 340381?
8
What is the units digit of 91374?
4
What is the units digit of 6520113?
3
What is the hundreds digit of 863410?
4
What is the thousands digit of 1848?
1
What is the hundred thousands digit of 2621459?
6
What is the ten thousands digit of 19484?
1
What is the hundreds digit of 4398812?
8
What is the units digit of 2223442?
2
What is the thousands digit of 668441?
8
What is the hundred thousands digit of 1383875?
3
What is the units digit of 1643549?
9
What is the tens digit of 700083?
8
What is the hundred thousands digit of 2918668?
9
What is the units digit of 1477472?
2
What is the units digit of 125699?
9
What is the ten thousands digit of 654639?
5
What is the tens digit of 11178591?
9
What is the millions digit of 12931782?
2
What is the millions digit of 10042418?
0
What is the ten millions digit of 17523820?
1
What is the hundreds digit of 110680?
6
What is the hundred thousands digit of 134320?
1
What is the thousands digit of 5194900?
4
What is the hundreds digit of 288099?
0
What is the hundreds digit of 513379?
3
What is the millions digit of 1839862?
1
What is the hundreds digit of 715029?
0
What is the tens digit of 50791?
9
What is the units digit of 10121431?
1
What is the hundreds digit of 144711?
7
What is the thousands digit of 10066743?
6
What is the hundreds digit of 3266870?
8
What is the ten thousands digit of 8455649?
5
What is the hundred thousands digit of 323360?
3
What is the millions digit of 4032314?
4
What is the thousands digit of 240467?
0
What is the hundreds digit of 39084?
0
What is the thousands digit of 2199554?
9
What is the units digit of 8618744?
4
What is the tens digit of 47968?
6
What is the ten thousands digit of 1364596?
6
What is the ten thousands digit of 330786?
3
What is the ten millions digit of 10048592?
1
What is the tens digit of 188065?
6
What is the millions digit of 12829613?
2
What is the hundred thousands digit of 622382?
6
What is the tens digit of 1045971?
7
What is the millions digit of 21200373?
1
What is the ten thousands digit of 825316?
2
What is the hundreds digit of 185937?
9
What is the ten thousands digit of 11574?
1
What is the ten thousands digit of 16997924?
9
What is the hundred thousands digit of 1686670?
6
What is the tens digit of 9847626?
2
What is the units digit of 172914?
4
What is the hundred thousands digit of 4652182?
6
What is the tens digit of 268749?
4
What is the tens digit of 1746785?
8
What is the hundred thousands digit of 134699?
1
What is the ten thousands digit of 1427434?
2
What is the tens digit of 3819442?
4
What is the millions digit of 1611910?
1
What is the hundred thousands digit of 2579929?
5
What is the units digit of 29303400?
0
What is the millions digit of 1297963?
1
What is the units digit of 1748344?
4
What is the ten thousands digit of 1036441?
3
What is the ten thousands digit of 735481?
3
What is the tens digit of 904342?
4
What is the tens digit of 261511?
1
What is the thousands digit of 544454?
4
What is the ten thousands digit of 132991?
3
What is the ten thousands digit of 293440?
9
What is the tens digit of 172687